{"id":185,"date":"2024-04-14T17:37:57","date_gmt":"2024-04-14T20:37:57","guid":{"rendered":"https:\/\/www.lovatoaquecimento.com.br\/?page_id=185"},"modified":"2024-12-16T11:10:07","modified_gmt":"2024-12-16T14:10:07","slug":"termostatos-de-ambiente","status":"publish","type":"page","link":"https:\/\/www.lovatoaquecimento.com.br\/?page_id=185","title":{"rendered":"Termostatos de Ambiente"},"content":{"rendered":"\n<div class=\"wp-block-group has-ti-fg-alt-color has-ti-bg-inv-background-color has-text-color has-background is-vertical is-content-justification-right is-nowrap is-layout-flex wp-container-core-group-is-layout-0a14f53c wp-block-group-is-layout-flex\" style=\"margin-top:0px;margin-bottom:0px;padding-top:64px;padding-bottom:64px\">\n<div class=\"wp-block-group\"><div class=\"wp-block-group__inner-container is-layout-constrained wp-block-group-is-layout-constrained\">\n<div class=\"wp-block-media-text alignwide is-stacked-on-mobile\" style=\"grid-template-columns:20% auto\"><figure class=\"wp-block-media-text__media\"><img loading=\"lazy\" decoding=\"async\" width=\"3095\" height=\"3345\" src=\"https:\/\/lovatoaquecimento.com.br\/wp-content\/uploads\/2024\/12\/Termostato-Girier.png\" alt=\"\" class=\"wp-image-498 size-full\"\/><\/figure><div class=\"wp-block-media-text__content\">\n<h4 class=\"wp-block-heading has-text-align-center\">Termostato de Ambiente com Wi-Fi<\/h4>\n\n\n\n<ul class=\"wp-block-list\">\n<li>Design Moderno<\/li>\n\n\n\n<li>Painel Touch Screen Iluminado<\/li>\n\n\n\n<li>Controle total \u00e0 dist\u00e2ncia atrav\u00e9s do aplicativo Smart Life<\/li>\n\n\n\n<li>Fun\u00e7\u00e3o Cronotermostato<\/li>\n\n\n\n<li>Histerese 0,5\u00baC<\/li>\n<\/ul>\n<\/div><\/div>\n\n\n\n<div class=\"wp-block-media-text alignwide has-media-on-the-right is-stacked-on-mobile\" style=\"grid-template-columns:auto 20%\"><div class=\"wp-block-media-text__content\">\n<h4 class=\"wp-block-heading has-text-align-center\">Termostato de Ambiente com Wi-Fi<\/h4>\n\n\n\n<ul class=\"wp-block-list\">\n<li>Design Moderno<\/li>\n\n\n\n<li>Painel Touch Screen Iluminado<\/li>\n\n\n\n<li>Controle total \u00e0 dist\u00e2ncia atrav\u00e9s do aplicativo Smart Life<\/li>\n\n\n\n<li>Fun\u00e7\u00e3o Cronotermostato<\/li>\n\n\n\n<li>Histerese 1,0\u00baC<\/li>\n<\/ul>\n<\/div><figure class=\"wp-block-media-text__media\"><img loading=\"lazy\" decoding=\"async\" width=\"2198\" height=\"2602\" src=\"https:\/\/lovatoaquecimento.com.br\/wp-content\/uploads\/2024\/12\/Termostato-Wifi-Quadrado.png\" alt=\"\" class=\"wp-image-501 size-full\"\/><\/figure><\/div>\n\n\n\n<div class=\"wp-block-media-text alignwide is-stacked-on-mobile\" style=\"grid-template-columns:30% auto\"><figure class=\"wp-block-media-text__media\"><img loading=\"lazy\" decoding=\"async\" width=\"431\" height=\"319\" src=\"https:\/\/lovatoaquecimento.com.br\/wp-content\/uploads\/2024\/04\/Termostato-RF-Smart-1-e1713190225907.jpg\" alt=\"\" class=\"wp-image-299 size-full\" srcset=\"https:\/\/www.lovatoaquecimento.com.br\/wp-content\/uploads\/2024\/04\/Termostato-RF-Smart-1-e1713190225907.jpg 431w, https:\/\/www.lovatoaquecimento.com.br\/wp-content\/uploads\/2024\/04\/Termostato-RF-Smart-1-e1713190225907-300x222.jpg 300w\" sizes=\"auto, (max-width: 431px) 100vw, 431px\" \/><\/figure><div class=\"wp-block-media-text__content\">\n<h4 class=\"wp-block-heading\">Termostato de Ambiente Wireless e Wi-Fi<\/h4>\n\n\n\n<ul class=\"wp-block-list\">\n<li>Design Moderno<\/li>\n\n\n\n<li>Painel Iluminado<\/li>\n\n\n\n<li>Funciona \u00e0 pilhas ou por cabo USB<\/li>\n\n\n\n<li>Fun\u00e7\u00e3o Cronotermostato<\/li>\n\n\n\n<li>Histerese 0,5\u00baC<\/li>\n\n\n\n<li>Controle total \u00e0 dist\u00e2ncia atrav\u00e9s do aplicativo Smart Life<\/li>\n\n\n\n<li>N\u00e3o necessita de fia\u00e7\u00e3o el\u00e9trica entre a caldeira e o termostato<\/li>\n<\/ul>\n<\/div><\/div>\n\n\n\n<div class=\"wp-block-media-text alignwide has-media-on-the-right is-stacked-on-mobile\" style=\"grid-template-columns:auto 24%\"><div class=\"wp-block-media-text__content\">\n<h4 class=\"wp-block-heading has-text-align-center\">Termostato de Ambiente \u00e0 Pilhas com Display Touch Screen<\/h4>\n\n\n\n<ul class=\"wp-block-list\">\n<li>Design Moderno<\/li>\n\n\n\n<li>Display Touch Screen Iluminado<\/li>\n\n\n\n<li>Funciona \u00e0 pilhas<\/li>\n\n\n\n<li>Fun\u00e7\u00e3o Cronotermostato<\/li>\n\n\n\n<li>Histerese 0,5\u00baC<\/li>\n<\/ul>\n<\/div><figure class=\"wp-block-media-text__media\"><img loading=\"lazy\" decoding=\"async\" width=\"458\" height=\"458\" src=\"https:\/\/lovatoaquecimento.com.br\/wp-content\/uploads\/2024\/04\/Termostato-HY03BW.png\" alt=\"\" class=\"wp-image-261 size-full\" srcset=\"https:\/\/www.lovatoaquecimento.com.br\/wp-content\/uploads\/2024\/04\/Termostato-HY03BW.png 458w, https:\/\/www.lovatoaquecimento.com.br\/wp-content\/uploads\/2024\/04\/Termostato-HY03BW-300x300.png 300w, https:\/\/www.lovatoaquecimento.com.br\/wp-content\/uploads\/2024\/04\/Termostato-HY03BW-150x150.png 150w\" sizes=\"auto, (max-width: 458px) 100vw, 458px\" \/><\/figure><\/div>\n\n\n\n<div class=\"wp-block-media-text alignwide is-stacked-on-mobile\" style=\"grid-template-columns:28% auto\"><figure class=\"wp-block-media-text__media\"><img loading=\"lazy\" decoding=\"async\" width=\"534\" height=\"438\" src=\"https:\/\/lovatoaquecimento.com.br\/wp-content\/uploads\/2024\/04\/Termostato-Myuet-e1713134652302.jpg\" alt=\"\" class=\"wp-image-273 size-full\" srcset=\"https:\/\/www.lovatoaquecimento.com.br\/wp-content\/uploads\/2024\/04\/Termostato-Myuet-e1713134652302.jpg 534w, https:\/\/www.lovatoaquecimento.com.br\/wp-content\/uploads\/2024\/04\/Termostato-Myuet-e1713134652302-300x246.jpg 300w\" sizes=\"auto, (max-width: 534px) 100vw, 534px\" \/><\/figure><div class=\"wp-block-media-text__content\">\n<h4 class=\"wp-block-heading has-text-align-center\">Termostato de Ambiente a Pilhas com Bot\u00f5es<\/h4>\n\n\n\n<ul class=\"wp-block-list\">\n<li>Design Moderno<\/li>\n\n\n\n<li>Painel Iluminado<\/li>\n\n\n\n<li>Funciona \u00e0 pilhas<\/li>\n\n\n\n<li>Fun\u00e7\u00e3o Cronotermostato<\/li>\n\n\n\n<li>Histerese 1\u00baC<\/li>\n<\/ul>\n<\/div><\/div>\n<\/div><\/div>\n<\/div>\n\n\n\n<p><\/p>\n","protected":false},"excerpt":{"rendered":"<p>Termostato de Ambiente com Wi-Fi Termostato de Ambiente com Wi-Fi Termostato de Ambiente Wireless e Wi-Fi Termostato de Ambiente \u00e0 Pilhas com Display Touch Screen Termostato de Ambiente a Pilhas com Bot\u00f5es<\/p>\n","protected":false},"author":1,"featured_media":0,"parent":0,"menu_order":0,"comment_status":"closed","ping_status":"closed","template":"","meta":{"_themeisle_gutenberg_block_has_review":false,"_joinchat":[],"footnotes":""},"class_list":["post-185","page","type-page","status-publish","hentry"],"_links":{"self":[{"href":"https:\/\/www.lovatoaquecimento.com.br\/index.php?rest_route=\/wp\/v2\/pages\/185","targetHints":{"allow":["GET"]}}],"collection":[{"href":"https:\/\/www.lovatoaquecimento.com.br\/index.php?rest_route=\/wp\/v2\/pages"}],"about":[{"href":"https:\/\/www.lovatoaquecimento.com.br\/index.php?rest_route=\/wp\/v2\/types\/page"}],"author":[{"embeddable":true,"href":"https:\/\/www.lovatoaquecimento.com.br\/index.php?rest_route=\/wp\/v2\/users\/1"}],"replies":[{"embeddable":true,"href":"https:\/\/www.lovatoaquecimento.com.br\/index.php?rest_route=%2Fwp%2Fv2%2Fcomments&post=185"}],"version-history":[{"count":36,"href":"https:\/\/www.lovatoaquecimento.com.br\/index.php?rest_route=\/wp\/v2\/pages\/185\/revisions"}],"predecessor-version":[{"id":502,"href":"https:\/\/www.lovatoaquecimento.com.br\/index.php?rest_route=\/wp\/v2\/pages\/185\/revisions\/502"}],"wp:attachment":[{"href":"https:\/\/www.lovatoaquecimento.com.br\/index.php?rest_route=%2Fwp%2Fv2%2Fmedia&parent=185"}],"curies":[{"name":"wp","href":"https:\/\/api.w.org\/{rel}","templated":true}]}}